{"id":153,"date":"2025-07-19T12:04:25","date_gmt":"2025-07-19T12:04:25","guid":{"rendered":"https:\/\/siebentagefrei.de\/?page_id=153"},"modified":"2025-09-12T18:05:43","modified_gmt":"2025-09-12T18:05:43","slug":"infos-fuer-presse","status":"publish","type":"page","link":"https:\/\/siebentagefrei.de\/index.php\/infos-fuer-presse\/","title":{"rendered":"Infos f\u00fcr Presse"},"content":{"rendered":"<div class=\"wp-block-image\">\n<figure class=\"alignright\"><a href=\"mailto:info@siebentagefrei.de\"><img decoding=\"async\" src=\"https:\/\/siebentagefrei.de\/copie\/fileadmin\/_processed_\/csm_i-65820_c8fdec08c9.jpg\" alt=\"\"\/><\/a><\/figure>\n<\/div>\n\n\n<h2 class=\"wp-block-heading\">Wichtige Informationen f\u00fcr die Presse<\/h2>\n\n\n\n<p>Sie m\u00f6chten gerne \u00fcber das Projekt berichten oder am Tag selbst vor Ort sein?<br>Neben einer detailierten Pressemappe bieten wir Ihnen spannende Interviews mit unseren Presse-Sprechern.<\/p>\n\n\n\n<p>Setzen Sie sich doch direkt mit uns in Kontakt und sichern Sie sich ihr exklusives Interview noch heute.<\/p>\n\n\n\n<p><\/p>\n","protected":false},"excerpt":{"rendered":"<p>Wichtige Informationen f\u00fcr die Presse Sie m\u00f6chten gerne \u00fcber das Projekt berichten oder am Tag selbst vor Ort sein?Neben einer detailierten Pressemappe bieten wir Ihnen spannende Interviews mit unseren Presse-Sprechern. Setzen Sie sich doch direkt mit uns in Kontakt und sichern Sie sich ihr exklusives Interview noch heute.<\/p>\n","protected":false},"author":1,"featured_media":0,"parent":0,"menu_order":0,"comment_status":"closed","ping_status":"closed","template":"","meta":{"footnotes":""},"class_list":["post-153","page","type-page","status-publish"],"_links":{"self":[{"href":"https:\/\/siebentagefrei.de\/index.php\/wp-json\/wp\/v2\/pages\/153","targetHints":{"allow":["GET"]}}],"collection":[{"href":"https:\/\/siebentagefrei.de\/index.php\/wp-json\/wp\/v2\/pages"}],"about":[{"href":"https:\/\/siebentagefrei.de\/index.php\/wp-json\/wp\/v2\/types\/page"}],"author":[{"embeddable":true,"href":"https:\/\/siebentagefrei.de\/index.php\/wp-json\/wp\/v2\/users\/1"}],"replies":[{"embeddable":true,"href":"https:\/\/siebentagefrei.de\/index.php\/wp-json\/wp\/v2\/comments?post=153"}],"version-history":[{"count":1,"href":"https:\/\/siebentagefrei.de\/index.php\/wp-json\/wp\/v2\/pages\/153\/revisions"}],"predecessor-version":[{"id":155,"href":"https:\/\/siebentagefrei.de\/index.php\/wp-json\/wp\/v2\/pages\/153\/revisions\/155"}],"wp:attachment":[{"href":"https:\/\/siebentagefrei.de\/index.php\/wp-json\/wp\/v2\/media?parent=153"}],"curies":[{"name":"wp","href":"https:\/\/api.w.org\/{rel}","templated":true}]}}