{"id":144,"date":"2025-01-19T11:54:56","date_gmt":"2025-01-19T11:54:56","guid":{"rendered":"https:\/\/siebentagefrei.de\/?page_id=144"},"modified":"2025-01-19T11:54:56","modified_gmt":"2025-01-19T11:54:56","slug":"infos-fuer-eltern","status":"publish","type":"page","link":"https:\/\/siebentagefrei.de\/index.php\/infos-fuer-eltern\/","title":{"rendered":"Infos f\u00fcr Eltern"},"content":{"rendered":"\n<h1 class=\"wp-block-heading\">Werden aus Sie zum Ha2eld<\/h1>\n\n\n\n<p>SIe m\u00f6chten Ihr Kind aktiv unterst\u00fctzen?<br>Dann machen Sie doch selbst mit! Einfach die Anmeldung ausf\u00fcllen, per Mail \/ Fax \/ Post oder sogar pers\u00f6nlich bei uns abgeben und schon sind auch Sie dabei.<br>Begleiten Sie Ihr Kind am 10.6. gemeinsam zur Bank und geben auch Sie ihre digitalen Medien f\u00fcr eine Woche ab.<br>Im <a href=\"https:\/\/siebentagefrei.de\/copie\/index.php_id=76.html\">Spa\u00dfpass<\/a> finden Sie nicht nur Angebote f\u00fcr die Kinder und Jugendlichen, sondern auch f\u00fcr die ganze Familie oder exklusiv nur die Eltern gibt es besonderere Programme!<\/p>\n\n\n\n<p>Wir w\u00fcnschen Ihnen viel Erfolg!<\/p>\n\n\n\n<h2 class=\"wp-block-heading\">Ihr Kind wird zum Ha2eld!<\/h2>\n\n\n\n<figure class=\"wp-block-image\"><a href=\"https:\/\/siebentagefrei.de\/copie\/index.php_eID=tx_cms_showpic&amp;file=421&amp;md5=98f813e05702fe6c67bfeee6dc67572caabc1c0a&amp;parameters%5B0%5D=YTo0OntzOjU6IndpZHRoIjtzOjQ6IjgwMG0iO3M6NjoiaGVpZ2h0IjtzOjQ6IjYw&amp;parameters%5B1%5D=MG0iO3M6NzoiYm9keVRhZyI7czo0MToiPGJvZHkgc3R5bGU9Im1hcmdpb_88fdf6e34d66740e.html\"><img decoding=\"async\" src=\"https:\/\/siebentagefrei.de\/copie\/fileadmin\/_processed_\/csm_silhouette-74876_ca97bfae1c.jpg\" alt=\"\"\/><\/a><\/figure>\n\n\n\n<p>Ihr Kind hat Ihnen von einem Projekt erz\u00e4hlt, bei dem es sein Handy, seinen PC und seinen Fernseher abgeben soll? Was genau steckt dahinter? Wir beantworten Ihnen die wichtigsten Fragen!<\/p>\n\n\n\n<p><br><strong>Was ist &#8222;7 Tage frei?&#8220;<\/strong><\/p>\n\n\n\n<p>Auf den vorherigen Seiten haben Sie schon einiges \u00fcber das Projekt erfahren.<br>Der Grundgedanke, der hinter dem Projekt steht, ist, dass die Teilnehmer an dem Projekt f\u00fcr 7 Tage soweit wie m\u00f6glich auf ihre Bildschirme verzichten. Das betrifft sowohl Handys, Smartphones, Tablets und PCs als aber auch den Fernseher oder die Spielekonsole. Statt diese Medien zu nutzen, sollen die Teilnehmer ihren Alltag eine Woche lang analog meistern.<\/p>\n\n\n\n<p><strong>Wie genau funktioniert die Teilnahme?<\/strong><\/p>\n\n\n\n<p>Die Kinder bekommen ein paar Wochen vor dem Projekt einen Anmeldebogen, der ausgef\u00fcllt bei den Lehrern wieder abgegeben wird. Anhand dieser Anmeldung wird der Ha<sup>2<\/sup>elden-Ausweis ausgestellt, der den Teilnehmern am Abgabetag als Quittung \u00fcberreicht wird.<br>Mit der Abgabe der digitalen Medien und der Unterschrift an diesem Tag auf dem Dokumentationsbogen ist die Teilnahme gesichtert.<\/p>\n\n\n\n<p><strong>Wie genau funktioniert die Abgabe?<\/strong><\/p>\n\n\n\n<p>Die teilnehmenden Kinder werden am 10.6. mit ihren Lehrern zusammen zu den zentralen Abgabepunkten gehen. In den jeweiligen Banken der Stadt k\u00f6nnen sie dann ihre mitgebrachten digitalen Medien abgeben.<br>Diese werden in verst\u00e4rkte T\u00fcten sto\u00dfsicher verpackt. Die T\u00fcten werden gekennzeichnet mit der Ha<sup>2<\/sup>elden-Ausweisnummer und anschlie\u00dfend sicher im Tresorraum der Banken deponiert. Die Abgabe wird genau dokumentiert, so dass ein Vertauschen der T\u00fcten oder das Verlorengehen ausgeschlossen werden kann.<br>Anschlie\u00dfend bekommen Kindern als Zeichen ihrer Teilnahme ein Ha<sup>2<\/sup>elden-Band sowie eine kleine \u00dcberlebenst\u00fcte. Die Kinder sind somit offiziell Mitglieder im sogenannten Ha<sup>2<\/sup>elden-Club und d\u00fcrfen an allen angebotenen Programmen nach Belieben teilnehmen.<\/p>\n\n\n\n<p><strong>Zu Beachten bei der Abgabe:<\/strong><br>Abgegeben werden sollen alle Bildschirme. Allerdings m\u00f6chten wir nicht, dass die Teilnehmer am Abgabetag mit einer LKW-Ladung voller Bildschirme vorfahren.<br>Daher bitten wir die Teilnehmer, ihre Handys, Smartphones und Tablets direkt abzugeben. Auch ein Nintendo hat noch eine handliche Gr\u00f6\u00dfe. Bei allen gr\u00f6\u00dferen Ger\u00e4ten, auf die verzichtet werden m\u00f6chte, sollen nach M\u00f6glichkeit entweder das Stromkabel, das Ladeger\u00e4t, die Fernbedienung oder der Controler abgegeben werden. Ein markantes Teil, ohne welches das Ger\u00e4t nicht bedient werden kann.<\/p>\n\n\n\n<p><strong>Wie l\u00e4uft die medienfreie Woche ab?<\/strong><\/p>\n\n\n\n<p>Nach der Abgabe der digitalen Medien beginnt eine spannende Woche f\u00fcr die Teilnehmer. Eine Woche, in der sie einige analoge Hindernisse \u00fcberwinden und f\u00fcr ungeahnte Probleme neue L\u00f6sungen finden m\u00fcssen.<br>W\u00e4hrend der Schulalltag &#8211; fast &#8211; wie gewohnt normal weiter l\u00e4uft, ist der Alltag au\u00dferhalb der Schule f\u00fcr viele ein v\u00f6llig ungewohnter Neuer. Was macht man ohne Handy, Fernseher und PC in seiner Freizeit? Wie soll das Referat ohne Internet vorbereitet werden? Wie verabredet man sich jetzt mit meinen Freunden, wenn man ihnen keine SMS mehr schicken kann? Wie funktioniert ein Festnetz-Telefon und was macht man gegen Langeweile?<br>Die Stadt Wiehl und Outdoor Oberberg e.V. haben hier nat\u00fcrlich vorgesorgt! Damit die Teilnehmer nicht komplett alleine dastehen, wird in dieser Woche ein vielseitiges Programm geboten. T\u00e4glich bieten verschiedene Vereine und Dienstleister interessante Angebote an, die \u00fcberwiegend kostenlos sind.<br>Die Teilnehmer k\u00f6nnen so eine Woche lang entdecken, wie vielseitig ihre Stadt ist und welche Freizeitangebote ihnen zur Verf\u00fcgung stehen.<\/p>\n\n\n\n<p><strong>In wieweit betrifft das Projekt mich und meine Familie? Und wie kann ich mein Kind unterst\u00fczten?<br><br><\/strong>Soweit, wie Sie es zulassen. In erster Linie sind ihre Kinder von dem Projekt betroffen, insoweit, dass wir sie und ihre Klasse eingeladen haben, mitzumachen. Nat\u00fcrlich brauchen Ha<sup>2<\/sup>elden aber auch Hilfe von au\u00dferhalb.<br>Die Erfahrung zeigt, dass es den Kindern um ein Vielfaches leichter f\u00e4llt, die medienfreie Woche konsequent durchzuhalten, wenn ihre Familie sie dabei unterst\u00fctzt. So sind auch die Eltern, Geschwister oder auch Lehrer herzlich dazu eingeladen, ihre digitalen Medien abzugeben.<br>Sollte das aus beruflichen oder privaten Gr\u00fcnden nicht m\u00f6glich sein, so gibt es nat\u00fcrlich trotzdem eine Vielzahl von M\u00f6glichkeiten, ihr Kind bei der Teilnahme zu unterst\u00fczten. So k\u00f6nnen Sie beispielsweise statt dem abendlichen Fernseh-Ritual mit ihren Kindern einen Familienabend machen, gemeinsam kochen, Spiele spielen oder auch Ausfl\u00fcge machen. Begleiten Sie ihr Kind doch zu einem der ausgew\u00e4hlten Programmpunkte und erleben Sie zusammen einige spannende Abenteuer.&nbsp;<\/p>\n\n\n\n<p><strong>Mein Kind m\u00f6chte nicht auf die digitalen Medien verzichten. Kann es trotzdem an dem Projekt teilnehmen?<\/strong><\/p>\n\n\n\n<p>Bevor ihr Kind auf die einmalige Chance verzichtet, an dem Projekt teilzunehmen, sollten Sie vorab vielleicht das Gespr\u00e4ch suchen. Wieso m\u00f6chte ihre Tochter \/ ihr Sohn nicht mitmachen? Welche \u00c4ngste oder Zweifel stehen dahinter und k\u00f6nnen diese nicht vielleicht doch genommen werden? Eine Woche ist schlie\u00dflich keine Ewigkeit und gemeinsam kann man Vieles schaffen, was anfangs vielleicht unm\u00f6glich erscheint.<br>Sollte ihr Kind trotzdem nicht teilnehmen wollen, dann ist das selbstverst\u00e4ndlich vollkommen in Ordnung.<br>Niemand sollte zu der Teilnahme gezwungen werden oder sich gezwungen f\u00fchlen. Auch wenn ihr Kind nichts abgeben m\u00f6chte, sind eine Vielzahl der Angebote f\u00fcr Alle zug\u00e4nglich. Wir m\u00f6chten niemanden ausschlie\u00dfen und geben somit allen Wiehler Kindern die M\u00f6glichkeit, das vielseitige Freizeitangebot ihrer Stadt nutzen zu k\u00f6nnen. Nur die Angebote f\u00fcr den Ha<sup>2<\/sup>elden-Club sind exklusiv und ausschlie\u00dflich f\u00fcr die Teilnehmer bestimmt.<\/p>\n\n\n\n<p><strong>Was f\u00fcr p\u00e4dagogische Vorteile kann das Projekt f\u00fcr die Entwicklung meines Kindes haben?<\/strong><\/p>\n\n\n\n<p>Ziel des Projektes ist es keinesfalls, die digitalen Medien in ein schlechtes Licht zu stellen.<br>Die Teilnehmer sollen vielmehr einen konstruktiven Umgang mit den Medien erlernen und an dem Anfang dieses Lernprozesses steht die Erkenntnis, dass die Bildschirme nicht unverzichtbar sind und ein normales Leben ohne sie auch sehr gut funktioniert. Die Teilnehmer erfahren, dass sie eine Vielzahl von eigenen Ressourcen nutzen k\u00f6nnen. Im Anschluss an die medienfreie Woche werden wir dann die Teilnehmern und Familien beratend unterst\u00fctzend, wie sie diese Erkenntnis in ihren Alltag einbauen k\u00f6nnen und einen gezielten Umgang mit den Medien erlernen und integieren, so dass sich eine positive Medienkultur entwickeln kann.<br>Die Teilnehmer wirken so nicht mehr beherrscht von den Medien, sondern k\u00f6nnen von sich selbst behaupten, aktive Beherrscher der digitalen Welt zu sein.<\/p>\n\n\n\n<p><strong>Die Klasse \/ Schule meines Kindes nimmt an dem Projek nicht teil. Wie kann mein Kind trotzdem teilnehmen?<\/strong><\/p>\n\n\n\n<p>Auch wenn die Klasse oder Schule ihres Kindes sich dazu entschlossen hat, an dem Projekt nicht teilzunehmen, so k\u00f6nnen auch diese die freien Angebote selbstverst\u00e4ndlich mitnutzen. Nur die Ha<sup>2<\/sup>elden-Club-Angebote sind exklusiv f\u00fcr die Teilnehmer bestimmt.<\/p>\n\n\n\n<p>Bitte beachten Sie, dass die reginale und \u00fcberregionale Presse eingeladen ist, von dem Projekt zu berichten. Es k\u00f6nnte demnach sein, dass ihr Kind auf Aufnahmen von gr\u00f6\u00dferen Gruppen zu erkennen ist.<\/p>\n","protected":false},"excerpt":{"rendered":"<p>Werden aus Sie zum Ha2eld SIe m\u00f6chten Ihr Kind aktiv unterst\u00fctzen?Dann machen Sie doch selbst mit! Einfach die Anmeldung ausf\u00fcllen, per Mail \/ Fax \/ Post oder sogar pers\u00f6nlich bei uns abgeben und schon sind auch Sie dabei.Begleiten Sie Ihr Kind am 10.6. gemeinsam zur Bank und geben auch Sie ihre digitalen Medien f\u00fcr eine &#8230; <\/p>\n<p class=\"read-more-container\"><a title=\"Infos f\u00fcr Eltern\" class=\"read-more button\" href=\"https:\/\/siebentagefrei.de\/index.php\/infos-fuer-eltern\/#more-144\" aria-label=\"Mehr Informationen \u00fcber Infos f\u00fcr Eltern\">Weiterlesen &#8230;<\/a><\/p>\n","protected":false},"author":1,"featured_media":0,"parent":0,"menu_order":0,"comment_status":"closed","ping_status":"closed","template":"","meta":{"footnotes":""},"class_list":["post-144","page","type-page","status-publish"],"_links":{"self":[{"href":"https:\/\/siebentagefrei.de\/index.php\/wp-json\/wp\/v2\/pages\/144","targetHints":{"allow":["GET"]}}],"collection":[{"href":"https:\/\/siebentagefrei.de\/index.php\/wp-json\/wp\/v2\/pages"}],"about":[{"href":"https:\/\/siebentagefrei.de\/index.php\/wp-json\/wp\/v2\/types\/page"}],"author":[{"embeddable":true,"href":"https:\/\/siebentagefrei.de\/index.php\/wp-json\/wp\/v2\/users\/1"}],"replies":[{"embeddable":true,"href":"https:\/\/siebentagefrei.de\/index.php\/wp-json\/wp\/v2\/comments?post=144"}],"version-history":[{"count":1,"href":"https:\/\/siebentagefrei.de\/index.php\/wp-json\/wp\/v2\/pages\/144\/revisions"}],"predecessor-version":[{"id":146,"href":"https:\/\/siebentagefrei.de\/index.php\/wp-json\/wp\/v2\/pages\/144\/revisions\/146"}],"wp:attachment":[{"href":"https:\/\/siebentagefrei.de\/index.php\/wp-json\/wp\/v2\/media?parent=144"}],"curies":[{"name":"wp","href":"https:\/\/api.w.org\/{rel}","templated":true}]}}