{"id":141,"date":"2025-01-19T11:47:26","date_gmt":"2025-01-19T11:47:26","guid":{"rendered":"https:\/\/siebentagefrei.de\/?page_id=141"},"modified":"2025-01-24T08:42:50","modified_gmt":"2025-01-24T08:42:50","slug":"das-projekt","status":"publish","type":"page","link":"https:\/\/siebentagefrei.de\/index.php\/das-projekt\/","title":{"rendered":"Das Projekt"},"content":{"rendered":"\n<h1 class=\"wp-block-heading\">Eine Stadt macht &#8222;7 Tage frei!&#8220;<\/h1>\n\n\n<div class=\"wp-block-image\">\n<figure class=\"alignright is-resized\"><img decoding=\"async\" src=\"https:\/\/siebentagefrei.de\/copie\/fileadmin\/user_upload\/wiehl300.jpg\" alt=\"\" style=\"width:471px;height:auto\"\/><\/figure>\n<\/div>\n\n\n<p>Unterst\u00fctzt durch die <strong>Wiehler Sozialstiftung<\/strong> wurde Outdoor Oberberg e.V. beauftragt, das Projekt &#8222;7 Tage frei!&#8220; in der Stadt Wiehl durchzuf\u00fchren. Alle Schulen der Stadt wurden herzlich eingeladen, an dem Projekt teilzunehmen und gemeinsam zu erleben, wie es ist, wenn in einer Stadt viele Menschen gemeinsam&nbsp; &#8222;7 Tage frei&#8220; von digitalen Medien nehmen.<\/p>\n\n\n\n<p>Mit dabei bei dem Projekt sind mittlerweile neben dem Gymnasium Wiehl, die Sekundarschule, sowie die Grundschulen Marienhagen, Drabenderh\u00f6he, Wiehl, Bielstein, sowie die freie christliche Grundschule.<\/p>\n\n\n\n<p>Mit Beginn des neuen Schuljahres im August beginnt nun die Vorbereitungsphase f\u00fcr die sieben medienfreien Tage im Juni 2025. An den teilnehmenden Schulen werden nun die Kinder und Eltern informiert \u00fcber das Projekt. Mit den Kollegien der Schulen finden bereits Gespr\u00e4che dar\u00fcber statt, wie das Thema &#8222;Medienkompetenz&#8220; im Unterricht jeweils umgesetzt werden kann.<\/p>\n\n\n\n<p>Vom 10. bis 17. Juni 2015 werden in der Stadt Wiehl zahlreiche Kinder, Jugendliche, sowie mutige Familienangeh\u00f6rige sieben Tage &#8222;frei&#8220; machen von digitalen Medien und erleben, wie es ist, analogen Alltag zu erleben.<\/p>\n\n\n\n<p><strong>Auf diesen Seiten erfahren Sie in nden n\u00e4chsten Wochen immer mehr \u00fcber den aktuellen Verlauf des Projekts.<\/strong><\/p>\n\n\n\n<figure class=\"wp-block-image\"><a href=\"http:\/\/outdoor-oberberg.de\" target=\"_blank\" rel=\"noreferrer noopener\"><img decoding=\"async\" src=\"https:\/\/siebentagefrei.de\/copie\/fileadmin\/_processed_\/csm_Outdoor_Oberberg_Logo_e.V.-mit_Slogan_8327f3fc3a.jpg\" alt=\"\"\/><\/a><\/figure>\n\n\n\n<p>Verantwortlich f\u00fcr die Umsetzung des Projekts ist Outdoor Oberberg e.V.<\/p>\n\n\n\n<p>Mehr \u00fcber den Verein und seine Arbeit erfahren Sie auf der Internetseite <a href=\"http:\/\/outdoor-oberberg.de\/index.php?id=242\" target=\"_blank\" rel=\"noreferrer noopener\">www.outdoor-oberberg.de<\/a>.<\/p>\n","protected":false},"excerpt":{"rendered":"<p>Eine Stadt macht &#8222;7 Tage frei!&#8220; Unterst\u00fctzt durch die Wiehler Sozialstiftung wurde Outdoor Oberberg e.V. beauftragt, das Projekt &#8222;7 Tage frei!&#8220; in der Stadt Wiehl durchzuf\u00fchren. Alle Schulen der Stadt wurden herzlich eingeladen, an dem Projekt teilzunehmen und gemeinsam zu erleben, wie es ist, wenn in einer Stadt viele Menschen gemeinsam&nbsp; &#8222;7 Tage frei&#8220; von &#8230; <\/p>\n<p class=\"read-more-container\"><a title=\"Das Projekt\" class=\"read-more button\" href=\"https:\/\/siebentagefrei.de\/index.php\/das-projekt\/#more-141\" aria-label=\"Mehr Informationen \u00fcber Das Projekt\">Weiterlesen &#8230;<\/a><\/p>\n","protected":false},"author":1,"featured_media":0,"parent":0,"menu_order":0,"comment_status":"closed","ping_status":"closed","template":"","meta":{"footnotes":""},"class_list":["post-141","page","type-page","status-publish"],"_links":{"self":[{"href":"https:\/\/siebentagefrei.de\/index.php\/wp-json\/wp\/v2\/pages\/141","targetHints":{"allow":["GET"]}}],"collection":[{"href":"https:\/\/siebentagefrei.de\/index.php\/wp-json\/wp\/v2\/pages"}],"about":[{"href":"https:\/\/siebentagefrei.de\/index.php\/wp-json\/wp\/v2\/types\/page"}],"author":[{"embeddable":true,"href":"https:\/\/siebentagefrei.de\/index.php\/wp-json\/wp\/v2\/users\/1"}],"replies":[{"embeddable":true,"href":"https:\/\/siebentagefrei.de\/index.php\/wp-json\/wp\/v2\/comments?post=141"}],"version-history":[{"count":4,"href":"https:\/\/siebentagefrei.de\/index.php\/wp-json\/wp\/v2\/pages\/141\/revisions"}],"predecessor-version":[{"id":234,"href":"https:\/\/siebentagefrei.de\/index.php\/wp-json\/wp\/v2\/pages\/141\/revisions\/234"}],"wp:attachment":[{"href":"https:\/\/siebentagefrei.de\/index.php\/wp-json\/wp\/v2\/media?parent=141"}],"curies":[{"name":"wp","href":"https:\/\/api.w.org\/{rel}","templated":true}]}}

<h1 class="wp-block-heading">Eine Stadt macht &#8222;7 Tage frei!&#8220;</h1>


<div class="wp-block-image">
<figure class="alignright is-resized"><img decoding="async" src="https://siebentagefrei.de/copie/fileadmin/user_upload/wiehl300.jpg" alt="" style="width:471px;height:auto"/></figure>
</div>


<p>Unterstützt durch die <strong>Wiehler Sozialstiftung</strong> wurde Outdoor Oberberg e.V. beauftragt, das Projekt &#8222;7 Tage frei!&#8220; in der Stadt Wiehl durchzuführen. Alle Schulen der Stadt wurden herzlich eingeladen, an dem Projekt teilzunehmen und gemeinsam zu erleben, wie es ist, wenn in einer Stadt viele Menschen gemeinsam&nbsp; &#8222;7 Tage frei&#8220; von digitalen Medien nehmen.</p>



<p>Mit dabei bei dem Projekt sind mittlerweile neben dem Gymnasium Wiehl, die Sekundarschule, sowie die Grundschulen Marienhagen, Drabenderhöhe, Wiehl, Bielstein, sowie die freie christliche Grundschule.</p>



<p>Mit Beginn des neuen Schuljahres im August beginnt nun die Vorbereitungsphase für die sieben medienfreien Tage im Juni 2025. An den teilnehmenden Schulen werden nun die Kinder und Eltern informiert über das Projekt. Mit den Kollegien der Schulen finden bereits Gespräche darüber statt, wie das Thema &#8222;Medienkompetenz&#8220; im Unterricht jeweils umgesetzt werden kann.</p>



<p>Vom 10. bis 17. Juni 2015 werden in der Stadt Wiehl zahlreiche Kinder, Jugendliche, sowie mutige Familienangehörige sieben Tage &#8222;frei&#8220; machen von digitalen Medien und erleben, wie es ist, analogen Alltag zu erleben.</p>



<p><strong>Auf diesen Seiten erfahren Sie in nden nächsten Wochen immer mehr über den aktuellen Verlauf des Projekts.</strong></p>



<figure class="wp-block-image"><a href="http://outdoor-oberberg.de" target="_blank" rel="noreferrer noopener"><img decoding="async" src="https://siebentagefrei.de/copie/fileadmin/_processed_/csm_Outdoor_Oberberg_Logo_e.V.-mit_Slogan_8327f3fc3a.jpg" alt=""/></a></figure>



<p>Verantwortlich für die Umsetzung des Projekts ist Outdoor Oberberg e.V.</p>



<p>Mehr über den Verein und seine Arbeit erfahren Sie auf der Internetseite <a href="http://outdoor-oberberg.de/index.php?id=242" target="_blank" rel="noreferrer noopener">www.outdoor-oberberg.de</a>.</p>

<p>Eine Stadt macht &#8222;7 Tage frei!&#8220; Unterstützt durch die Wiehler Sozialstiftung wurde Outdoor Oberberg e.V. beauftragt, das Projekt &#8222;7 Tage frei!&#8220; in der Stadt Wiehl durchzuführen. Alle Schulen der Stadt wurden herzlich eingeladen, an dem Projekt teilzunehmen und gemeinsam zu erleben, wie es ist, wenn in einer Stadt viele Menschen gemeinsam&nbsp; &#8222;7 Tage frei&#8220; von &#8230; </p>
<p class="read-more-container"><a title="Das Projekt" class="read-more button" href="https://siebentagefrei.de/index.php/das-projekt/#more-141" aria-label="Mehr Informationen über Das Projekt">Weiterlesen &#8230;</a></p>
